of 266752 and 134656?
512
Calculate the greatest common factor of 111 and 256081181.
37
Calculate the highest common factor of 3403646 and 26132.
94
What is the highest common divisor of 458421 and 15416?
41
What is the highest common divisor of 14506040 and 307190?
1390
What is the greatest common divisor of 3735909 and 613791?
4833
Calculate the highest common factor of 2952099 and 61101.
837
Calculate the greatest common factor of 1370 and 160330004.
274
Calculate the highest common divisor of 9222 and 29166801.
159
What is the highest common factor of 63825 and 3440593?
851
What is the greatest common factor of 146303010 and 945?
945
Calculate the greatest common divisor of 14160320 and 102.
34
Calculate the greatest common divisor of 6380 and 2574827640.
6380
Calculate the greatest common divisor of 219501192 and 16.
8
What is the greatest common factor of 86 and 1059191867?
43
Calculate the greatest common factor of 529 and 37421.
23
What is the greatest common factor of 1035 and 5298269535?
1035
Calculate the greatest common divisor of 27 and 1396983807.
27
What is the highest common factor of 58724718 and 156?
78
Calculate the highest common factor of 20 and 575273980.
20
Calculate the greatest common factor of 145313598 and 31906.
4558
What is the greatest common divisor of 95877 and 74973?
201
Calculate the highest common divisor of 33280 and 34152640.
320
What is the greatest common factor of 1695017500 and 500?
500
Calculate the greatest common divisor of 8183 and 1346688.
1169
What is the highest common divisor of 3041925 and 18000?
75
What is the greatest common divisor of 96 and 5801100?
12
What is the highest common divisor of 433096 and 14534?
86
What is the greatest common divisor of 180 and 260917110?
90
What is the highest common factor of 595 and 7882679?
119
Calculate the highest common divisor of 284 and 10324820.
284
Calculate the highest common divisor of 114 and 20952706.
38
What is the highest common divisor of 36978332 and 12274?
646
What is the greatest common factor of 129741 and 108?
3
Calculate the greatest common factor of 60 and 52453070.
10
Calculate the greatest common divisor of 4734 and 638449332.
1578
Calculate the greatest common factor of 839894 and 3520.
22
What is the greatest common divisor of 5497974 and 2301?
177
Calculate the greatest common divisor of 67377 and 20615541.
1821
What is the highest common factor of 915824 and 18599308?
13468
Calculate the greatest common divisor of 12574130 and 6280.
1570
Calculate the highest common divisor of 63 and 2341431.
9
Calculate the greatest common factor of 102157 and 136795.
251
What is the highest common factor of 1307046 and 414726?
1014
Calculate the highest common divisor of 1702960 and 37030.
70
Calculate the greatest common divisor of 222602 and 19.
1
Calculate the highest common divisor of 7267 and 6088069.
559
Calculate the highest common divisor of 1870 and 410044998.
374
Calculate the highest common divisor of 32835072 and 1280.
256
Calculate the greatest common divisor of 41584199 and 1327.
1327
Calculate the greatest common divisor of 151470 and 100419.
561
What is the highest common factor of 14 and 59260698?
14
What is the greatest common factor of 17952076 and 2987?
103
Calculate the highest common divisor of 712272 and 9834.
66
Calculate the highest common factor of 878 and 524394719.
439
Calculate the highest common factor of 40975656 and 246.
6
What is the highest common divisor of 2211603984 and 4743?
4743
What is the greatest common divisor of 6132 and 10324244?
2044
Calculate the greatest common divisor of 1006539 and 11929.
79
What is the greatest common factor of 2482032 and 2208713?
7387
Calculate the highest common factor of 29529 and 160296536.
3281
What is the greatest common factor of 266 and 12126674?
266
Calculate the greatest common factor of 675142 and 299.
299
What is the greatest common factor of 548 and 10031140?
548
Calculate the highest common factor of 384358961 and 109.
109
Calculate the highest common factor of 14564 and 569969422.
7282
What is the highest common divisor of 7 and 40669888?
7
What is the greatest common divisor of 1671518 and 81?
1
What is the greatest common factor of 132124 and 40200?
268
What is the greatest common factor of 587899 and 4551?
41
What is the greatest common divisor of 6042 and 31267977?
57
Calculate the greatest common divisor of 91 and 28992275.
13
What is the greatest common factor of 386 and 3351?
1
Calculate the highest common divisor of 15 and 18179625.
15
What is the highest common factor of 64731152 and 16?
16
Calculate the highest common factor of 11280 and 9039792.
2256
Calculate the greatest common divisor of 914412 and 131949.
543
Calculate the greatest common divisor of 60421598 and 148840.
7442
Calculate the highest common divisor of 2036 and 1059229.
509
Calculate the highest common divisor of 5248024 and 896184.
3688
Calculate the greatest common factor of 41525407 and 6545.
1309
Calculate the greatest common factor of 73426696 and 12348.
1372
What is the greatest common divisor of 24 and 2828962?
2
What is the highest common divisor of 446849271 and 66?
33
Calculate the highest common divisor of 237 and 225783.
3
Calculate the greatest common divisor of 8906 and 7373.
73
What is the greatest common divisor of 95345549 and 13?
13
What is the highest common divisor of 7939864 and 4936?
8
What is the greatest common divisor of 65 and 1425638435?
65
What is the highest common factor of 70843108 and 14?
14
Calculate the highest common divisor of 1662 and 121891634.
554
What is the highest common divisor of 404045 and 320?
5
What is the highest common divisor of 2840 and 78526?
142
Calculate the greatest common divisor of 2685 and 257225685.
2685
Calculate the greatest common divisor of 350 and 529400.
50
What is the greatest common divisor of 8628947 and 1129?
1129
What is the greatest common divisor of 216 and 349182576?
216
What is the greatest common divisor of 10861186 and 42?
14
Calculate the highest common divisor of 288 and 672039.
9
What is the greatest common factor of 4810 and 34330?
10
Calculate the greatest common divisor of 383670 and 461430.
270
What is the highest common divisor of 6552 and 4329?
117
What is the greatest common factor of 54301467 and 231?
33
What is the greatest common factor of 8161853 and 21721?
749
Calculate the highest common divisor of 81574185 and 12705.
1155
Calculate the highest common factor of 3172740 and 1020.
60
Calculate the greatest common divisor of 16652356 and 3332.
196
What is the greatest common divisor of 5784471 and 5892?
1473
What is the highest common divisor of 44948 and 17612?
68
Calculate the highest common divisor of 672 and 691068.
84
What is the highest common factor of 838831712 and 16?
16
Calculate the greatest common factor of 36409747 and 131.
131
Calculate the highest common divisor of 840429 and 8262.
459
Calculate the highest common divisor of 2277582 and 15.
3
Calculate the greatest common factor of 1314091 and 123.
41
What is the highest common factor of 106586199 and 75159?
10737
Calculate the greatest common factor of 347736743 and 43.
43
What is the highest common divisor of 11185618 and 4736?
74
Calculate the highest common divisor of 12325 and 682805.
2465
What is the greatest common factor of 15509025 and 7875?
1575
Calculate the greatest common divisor of 328447 and 217.
7
Calculate the greatest common factor of 3220704 and 3600.
144
Calculate the greatest common divisor of 1469 and 149409.
13
What is the highest common divisor of 1807 and 305198686?
1807
What is the highest common factor of 20279249 and 51?
17
Calculate the highest common factor of 1247427972 and 63.
63
What is the greatest common divisor of 169512 and 10486?
14
Calculate the highest common divisor of 70 and 162976030.
70
Calculate the greatest common divisor of 10 and 2175476.
2
What is the greatest common divisor of 225 and 295425?
225
What is the greatest common divisor of 1510 and 1382041090?
1510
What is the greatest common factor of 475 and 1460416?
19
What is the highest common factor of 153479 and 3427?
23
Calculate the greatest common divisor of 341468889 and 249.
249
What is the greatest common factor of 5586 and